{"id":98,"date":"2024-09-18T10:42:48","date_gmt":"2024-09-18T10:42:48","guid":{"rendered":"https:\/\/www.lasselaaksonen.net\/?page_id=98"},"modified":"2025-10-09T16:57:39","modified_gmt":"2025-10-09T16:57:39","slug":"lasse-laaksonen","status":"publish","type":"page","link":"https:\/\/www.lasselaaksonen.net\/index.php\/lasse-laaksonen\/","title":{"rendered":"Lasse Laaksonen"},"content":{"rendered":"\n<div class=\"wp-block-group alignfull has-accent-background-color has-background has-global-padding is-layout-constrained wp-container-core-group-is-layout-669513ed wp-block-group-is-layout-constrained\" style=\"margin-top:0;margin-bottom:0;padding-top:var(--wp--preset--spacing--50);padding-right:var(--wp--preset--spacing--50);padding-bottom:var(--wp--preset--spacing--50);padding-left:var(--wp--preset--spacing--50)\">\n<div class=\"wp-block-group is-vertical is-layout-flex wp-container-core-group-is-layout-fe9cc265 wp-block-group-is-layout-flex\">\n<figure class=\"wp-block-image size-full\"><img loading=\"lazy\" decoding=\"async\" width=\"726\" height=\"537\" src=\"https:\/\/www.lasselaaksonen.net\/wp-content\/uploads\/2024\/09\/Dosentti-Lasse-Laaksonen.jpg\" alt=\"\" class=\"wp-image-71\" srcset=\"https:\/\/www.lasselaaksonen.net\/wp-content\/uploads\/2024\/09\/Dosentti-Lasse-Laaksonen.jpg 726w, https:\/\/www.lasselaaksonen.net\/wp-content\/uploads\/2024\/09\/Dosentti-Lasse-Laaksonen-300x222.jpg 300w\" sizes=\"auto, (max-width: 726px) 100vw, 726px\" \/><\/figure>\n\n\n\n<p>Lasse Laaksonen on filosofian tohtori ja dosentti. H\u00e4n toimii Suomen ja Skandinavian historian dosenttina Helsingin yliopistossa, Suomen sotahistorian dosenttina Maanpuolustuskorkeakoulussa ja sotahistorian dosenttina It\u00e4-Suomen yliopistossa. <\/p>\n\n\n\n<p>Lasse Laaksosen v\u00e4it\u00f6skirja \u201dTodellisuus ja harhat &#8211; Kannaksen taistelut ja suomalaisten joukkojen tila talvisodan lopussa\u201d (1999) her\u00e4tti paljon keskustelua ja sai kiitosta osakseen. H\u00e4nen t\u00e4rkein tutkimuksensa on \u201d<em>Eripuraa ja arvovaltaa \u00ad Mannerheimin ja kenraalien henkil\u00f6suhteet ja johtaminen<\/em>\u201d (2004), laajennettu esitys (2014). Se palkittiin my\u00f6s ensimm\u00e4isell\u00e4 jaetulla sotahistorian palkinnolla. <\/p>\n\n\n\n<p>H\u00e4nen seuraava tutkimuksensa \u201d<em>Mist\u00e4 sotakenraalit tulivat? tie Mannerheimin johtoon 1918-1939<\/em>\u201d (2011) selitti talvisotaa sotilasylijohdon rakentumisen taustojen n\u00e4k\u00f6kulmasta. Tunnetuin Laaksosen teos on \u201d<em>Viina, hermot ja rangaistukset \u2013 sotilasylijohdon henkil\u00f6kohtaiset ongelmat 1918-1945<\/em>\u201d (2017). Se on ensimm\u00e4inen tutkimus tabuksi mielletyst\u00e4 aiheesta ja valittiin ehdolle sek\u00e4 Vuoden Tiedekirjaksi ett\u00e4 Vuoden Historiateokseksi.<\/p>\n\n\n\n<p>Seuraava Laaksosen kirja \u201d<em>Kyn\u00e4n ja miekan kenraali \u2013 Wallenius<\/em>\u201d (2021) oli ihmiskasvoinen tunteet dokumentoiva tutkimus Suomen haukutuimmasta kenraalista, myyttisest\u00e4 ja arvoituksellisesta Walleniuksesta. <\/p>\n\n\n\n<p>Viimeisin h\u00e4nen teoksensa on \u201d<em>Temperamenttia! Sotilasylijohdon tunnehistoria<\/em>\u201d (2025), joka pureutuu aiemmin tutkimattomaan teemaan, jossa analysoidaan tunteiden ja persoonallisten piirteiden vaikutusta johtamiseen ja p\u00e4\u00e4t\u00f6ksiin Suomen historian kriittisiss\u00e4 vaiheissa: kuinka tunteet ja persoonallisuus vaikuttivat p\u00e4\u00e4t\u00f6ksentekoon kriiseiss\u00e4? Teoksen oppeja voi soveltaa my\u00f6s nykyajan johtamisessa. <\/p>\n\n\n\n<p>Lis\u00e4ksi Laaksonen on esiintynyt kansainv\u00e4lisiss\u00e4 seminaareissa, kirjoittanut artikkeleita sek\u00e4 tehnyt arvosteluja ja vertaisarviointeja. H\u00e4n on yleisesti tunnettu tietokirjailija. Viime aikoina Laaksonen on esiintynyt eri mediassa ja analysoinut mm. Ukrainan sotaa, L\u00e4hi-id\u00e4n kriisej\u00e4 ja Pohjoismaiden turvallisuuspolitiikkaa. Laaksonen on syventynyt sotilaspedagogiikkaan ja sotataitoon Yhdysvaltojen sotilasakatemiassa West Pointissa (2007).<\/p>\n<\/div>\n<\/div>\n","protected":false},"excerpt":{"rendered":"<p>Lasse Laaksonen on filosofian tohtori ja dosentti. H\u00e4n toimii Suomen ja Skandinavian historian dosenttina Helsingin yliopistossa, Suomen sotahistorian dosenttina Maanpuolustuskorkeakoulussa ja sotahistorian dosenttina It\u00e4-Suomen yliopistossa. Lasse Laaksosen v\u00e4it\u00f6skirja \u201dTodellisuus ja harhat &#8211; Kannaksen taistelut ja suomalaisten joukkojen tila talvisodan lopussa\u201d (1999) her\u00e4tti paljon keskustelua ja sai kiitosta osakseen. H\u00e4nen t\u00e4rkein tutkimuksensa on \u201dEripuraa ja arvovaltaa [&hellip;]<\/p>\n","protected":false},"author":1,"featured_media":0,"parent":0,"menu_order":0,"comment_status":"closed","ping_status":"closed","template":"","meta":{"footnotes":""},"class_list":["post-98","page","type-page","status-publish","hentry"],"aioseo_notices":[],"_links":{"self":[{"href":"https:\/\/www.lasselaaksonen.net\/index.php\/wp-json\/wp\/v2\/pages\/98","targetHints":{"allow":["GET"]}}],"collection":[{"href":"https:\/\/www.lasselaaksonen.net\/index.php\/wp-json\/wp\/v2\/pages"}],"about":[{"href":"https:\/\/www.lasselaaksonen.net\/index.php\/wp-json\/wp\/v2\/types\/page"}],"author":[{"embeddable":true,"href":"https:\/\/www.lasselaaksonen.net\/index.php\/wp-json\/wp\/v2\/users\/1"}],"replies":[{"embeddable":true,"href":"https:\/\/www.lasselaaksonen.net\/index.php\/wp-json\/wp\/v2\/comments?post=98"}],"version-history":[{"count":9,"href":"https:\/\/www.lasselaaksonen.net\/index.php\/wp-json\/wp\/v2\/pages\/98\/revisions"}],"predecessor-version":[{"id":253,"href":"https:\/\/www.lasselaaksonen.net\/index.php\/wp-json\/wp\/v2\/pages\/98\/revisions\/253"}],"wp:attachment":[{"href":"https:\/\/www.lasselaaksonen.net\/index.php\/wp-json\/wp\/v2\/media?parent=98"}],"curies":[{"name":"wp","href":"https:\/\/api.w.org\/{rel}","templated":true}]}}